a + 49. What is the remainder when 161 is divided by p(0)?
14
Suppose -2*l = 3*d - 102, d - 12 - 18 = -2*l. Let c = d - 1. Calculate the remainder when 558 is divided by c.
33
Let p = 37 - 35. Suppose 6*g = g + 425. Suppose -g = -p*a + 9. What is the remainder when a is divided by 12?
11
Let o(v) = v**3 + 2*v**2 + 4*v + 3. Let z be o(-2). Let b = -3 - z. Let d = -5196 + 5205. What is the remainder when d is divided by b?
1
Let x(m) = m**3 - 57*m**2 - 61*m + 232. What is the remainder when x(58) is divided by 16?
10
Let q = 11403 + -8816. What is the remainder when q is divided by 199?
0
Let k(g) = 2*g**3 - 117*g**2 + 59*g + 19. Calculate the remainder when 991 is divided by k(58).
67
Suppose -9141 = -7*o + 8212. What is the remainder when o is divided by 20?
19
Suppose 0 = 39*h + 54*h + 13*h - 8374. What is the remainder when 552 is divided by h?
78
Let u(y) = 39*y - 195. Let h be u(5). Suppose h = -s - 5*p, -2*s + 9*p - 4*p = -45. Calculate the remainder when 17 is divided by s.
2
What is the remainder when 94 is divided by (-15416)/410*5/(-2)?
0
Let f = -75629 - -75662. Suppose 0*g = 2*g - 520. Suppose n + n - g = 0. Calculate the remainder when n is divided by f.
31
Suppose 4*y - 286 = 3*y - 4*b, 2*y - 2*b - 532 = 0. Suppose q + y = 324. What is the remainder when q is divided by 8?
6
Suppose 115 = 5*t - 0*t. Let u(q) = -9*q**2 + 557*q - 860. What is the remainder when u(60) is divided by t?
22
Let t be ((-18)/21)/(2/(-14)). Suppose 2*d - 2*w = -453 + 41, 2*w - t = 0. What is the remainder when 31 is divided by 36/14*d/(-58)?
4
Let a(w) = -11*w**2 - 317*w + 253. What is the remainder when a(-29) is divided by 107?
88
Suppose m + 13*r - 96 = 9*r, -352 = -3*m + 4*r. Suppose 28 - m = -7*y. Calculate the remainder when 22 is divided by y.
10
Let x(m) = -7*m**2 - 8*m. Let l be x(-4). Let g = l - -138. Suppose -t + g = 47. What is the remainder when t is divided by 4?
3
Calculate the remainder when 228 is divided by 1887/23 + 256/(-5888).
64
Suppose 138*g - 221 = 93*g + 904. Calculate the remainder when 10585 is divided by g.
10
Suppose 5*z = 3*l, l = -l. Suppose -3*p - 5*j = -252, -2*p - 3*j + 168 = -z*p. Calculate the remainder when p is divided by 45.
39
Let s = 47 - 19. Suppose 4*v + 144 = -52. Let c = v + 64. Calculate the remainder when s is divided by c.
13
Suppose -5*c + 0*h = 2*h - 18, -5*c - 2 = -3*h. Let y(j) = -5*j - 2*j + 4*j**c + 7*j + j**3 - 2. Calculate the remainder when 21 is divided by y(-2).
3
Let k be 2/(-2) - (8 - 4). Let o(f) = -f + 6. Let n(y) = 73*y**2 - 9*y - 8. Calculate the remainder when n(-1) is divided by o(k).
8
Let u be (-756)/(-60) - 3/5. Suppose u*r - 630 - 414 = 0. Calculate the remainder when r is divided by 30.
27
Let y be 1540/(-33)*210/25. Let p = y + 423. Let t(x) = 5*x - 3. What is the remainder when p is divided by t(2)?
3
Suppose 1836 - 1968 = -3*z. Calculate the remainder when 237 is divided by z.
17
Let r be 2 + 2 + 1 + -3. Suppose r*d - o - 56 - 197 = 0, 4*d = o + 503. Suppose 6*b - d = 457. What is the remainder when b is divided by 20?
17
Suppose -2*t = 2*t - 92. Suppose -t*a = -0*a - 667. What is the remainder when 33 is divided by a?
4
Let f(o) = -35*o - 40. Let t(j) = -72*j - 79. Let i(p) = 5*f(p) - 2*t(p). What is the remainder when i(-6) is divided by 30?
24
Let x(k) = k**2 - 6*k + 6. Let i be x(5). Suppose 2082*m - 2080*m = -y + 35, 5*m - 2*y = 83. What is the remainder when m is divided by 9 - 1 - (i + -3)?
7
Suppose 88*v + 156065 = 137*v. Calculate the remainder when v is divided by 27.
26
Suppose a - 4*y = 167 + 367, 2691 = 5*a + y. Calculate the remainder when a is divided by 22.
10
Suppose -348 + 816 = 13*w. Calculate the remainder when 294 is divided by w.
6
Let q = 607 - 471. What is the remainder when q is divided by 70?
66
Calculate the remainder when 1080 is divided by (21 + 11)/8*49.
100
Suppose 35*j - 5*j = 35100. Suppose 0 = -12*b + 38*b - j. Calculate the remainder when b is divided by 12.
9
Let b = 92 + -29. What is the remainder when (-8)/(-84) - (-2892)/b is divided by 28?
18
Let x(u) = -5*u - 80. What is the remainder when 251 is divided by x(-38)?
31
Let v = -25173 - -26055. What is the remainder when v is divided by 32?
18
Suppose -916 = -5*b + 539. Let u = 318 - b. Suppose 3*p = 5*p - 32. What is the remainder when u is divided by p?
11
Suppose 5*o + 0 = -15. Let b(i) = i + 15. Let r(a) = 2*a**2 - 30. What is the remainder when b(o) is divided by r(4)?
0
Let v(k) = 35*k + 2. What is the remainder when v(5) is divided by 7 + (-36)/12 + 5?
6
Suppose -532 + 10612 = 22*l - 568. What is the remainder when l is divided by 47?
14
Let t = 1012 + -1020. Calculate the remainder when 1323 is divided by 51 - (15/t - 28/224).
51
Let a(z) = 1060*z**3 + 17*z**2 - 19*z + 63. What is the remainder when a(3) is divided by 369?
366
Let p(k) = k**2 - 244*k - 2509. Calculate the remainder when 680 is divided by p(-10).
29
Suppose 35*r - 27 = 38*r. Let j = -43 - -67. Let u = j + r. What is the remainder when 69 is divided by u?
9
Suppose 97*r - 39417 = 36819 - 15902. Calculate the remainder when r is divided by 52.
50
Let u(y) = -7*y**2 - 32*y + 25. Let c(f) = -f**2 - f. Let w(k) = -5*c(k) + u(k). Calculate the remainder when 43 is divided by w(-14).
10
Suppose -5*x + 4*u - 5 = -18, x + 2*u + 3 = 0. What is the remainder when 99 is divided by (-1 + 2)/(14/(-15) + x)?
9
Let s = -8473 - -8490. Calculate the remainder when 2242 is divided by s.
15
Let k(o) = o**2 + 3*o - 7. Let l be k(-5). Suppose -3*a - 177 = -l*z + 2*a, -73 = -z - 3*a. What is the remainder when 6*-4*(-80)/z is divided by 16?
14
Suppose -3 = -r, v - 7 = r + 4. Suppose 15*g + 13 = v*g. Let t = 22 + g. What is the remainder when 11 is divided by t?
2
Let i(c) be the third derivative of 13*c**5/60 - c**4/8 - 7*c**3/6 - 119*c**2. Calculate the remainder when i(-2) is divided by 16.
3
Let m be (7/(-14))/(4/(-16)). Suppose 0 = -m*b - 3*l - 0*l + 522, 0 = 4*b + 3*l - 1056. Let w = -146 + b. What is the remainder when w is divided by 31?
28
Suppose -350 = -q - 5*c, 4*c = 3*q - 400 - 650. Suppose -l = -4*h + l + q, l + 353 = 4*h. Calculate the remainder when h is divided by 26 - (-1 - -5) - -1.
20
Suppose -2*f - 2*n = -0*n - 36, 2*n = -5*f + 81. Let g be 62/8 - 1/(-4). Let k = g + f. Calculate the remainder when k is divided by 12.
11
Let n(o) = 934*o + 2853. What is the remainder when 82 is divided by n(-3)?
31
Let l = 13618 - 13422. Calculate the remainder when 2153 is divided by l.
193
Let r(p) = -p**3 - 23*p**2 - 20*p + 47. Let d be r(-22). Suppose -30 = -3*m - 5*z, 3*z + 44 = d*m - 10. What is the remainder when 59 is divided by m?
14
What is the remainder when 264 is divided by 16422/204 + (-18)/12?
27
Suppose -4*k = 4*y - 1124, -3*k + 847 = -504*y + 509*y. Calculate the remainder when k is divided by 8.
7
Let r(o) = 2*o**2 + 19*o + 9. Let b be r(-9). Suppose b = 3*j - 88 + 22. What is the remainder when 70 is divided by j?
4
Let t(z) be the first derivative of -z**3/6 + 21*z**2/2 + 11*z - 7. Let q(x) be the first derivative of t(x). What is the remainder when 23 is divided by q(13)?
7
Let b = 379 + -328. Suppose -5*y - 11 = -5*m + 24, 0 = -3*y. What is the remainder when b is divided by m?
2
Suppose 0*c - 2*c = 4*m - 8, 3*c - m = 19. What is the remainder when 24 is divided by ((-43)/c)/(-1) + (-4)/24?
3
Suppose -4*j + j = -j. Let q(m) = 5*m**2 - 5*m - 3. Let k be q(-3). Suppose j = -k*v + 55*v + 16. Calculate the remainder when 29 is divided by v.
5
Calculate the remainder when 75 is divided by 2*5/6*(-5 - -47).
5
Suppose 0 = 3*u - 220 - 272. Let t = -23 + u. Calculate the remainder when t is divided by 24.
21
Calculate the remainder when (-716)/(-4) + 312/39 is divided by 128.
59
Let z be (57/(-9) + 7)/(6/(-81)). Let s(p) = -13*p - 100. Calculate the remainder when 97 is divided by s(z).
12
Suppose p + p - 34 = 0. Suppose -308*a + 21084 + 24500 = 0. Calculate the remainder when a is divided by p.
12
Let z(h) = 14*h**3 - 521*h**2 + 113*h - 60. Let c = -5 + 11. Suppose -3*b + 261 = -2*g + c*g, 4*b + 20 = 0. What is the remainder when g is divided by z(37)?
13
Suppose 4*u = 4*z - 184, -z - 47*u = -44*u - 58. Let d(n) = 390*n**3 + n**2 - 2*n + 1. What is the remainder when d(1) is divided by z?
47
Let w(d) = 25*d**2 - 12*d. Su